 566?
496
What is the remainder when 1750 is divided by 454?
388
Calculate the remainder when 9079 is divided by 227.
226
What is the remainder when 121441 is divided by 337?
121
What is the remainder when 32419 is divided by 558?
55
What is the remainder when 2453 is divided by 86?
45
What is the remainder when 40042 is divided by 141?
139
Calculate the remainder when 947 is divided by 220.
67
What is the remainder when 47209 is divided by 7?
1
Calculate the remainder when 33632 is divided by 178.
168
What is the remainder when 62119 is divided by 785?
104
Calculate the remainder when 441297 is divided by 227.
9
What is the remainder when 1796 is divided by 11?
3
What is the remainder when 409 is divided by 145?
119
Calculate the remainder when 9977 is divided by 1991.
22
What is the remainder when 101542 is divided by 25382?
14
Calculate the remainder when 76825 is divided by 392.
385
Calculate the remainder when 8111 is divided by 62.
51
What is the remainder when 30491 is divided by 576?
539
What is the remainder when 5276 is divided by 223?
147
Calculate the remainder when 1445 is divided by 100.
45
Calculate the remainder when 93135 is divided by 9.
3
Calculate the remainder when 14488 is divided by 66.
34
What is the remainder when 2990 is divided by 246?
38
What is the remainder when 3562 is divided by 704?
42
Calculate the remainder when 7004 is divided by 2332.
8
What is the remainder when 87203 is divided by 1264?
1251
Calculate the remainder when 125684 is divided by 119.
20
What is the remainder when 1270 is divided by 210?
10
What is the remainder when 5961 is divided by 193?
171
Calculate the remainder when 452522 is divided by 199.
195
What is the remainder when 81287 is divided by 8?
7
What is the remainder when 5587 is divided by 1855?
22
What is the remainder when 1190 is divided by 338?
176
What is the remainder when 1950 is divided by 908?
134
What is the remainder when 326578 is divided by 81640?
18
Calculate the remainder when 2450 is divided by 418.
360
What is the remainder when 18730 is divided by 2077?
37
Calculate the remainder when 198059 is divided by 72.
59
What is the remainder when 7447 is divided by 34?
1
Calculate the remainder when 5654 is divided by 2773.
108
What is the remainder when 26365 is divided by 732?
13
Calculate the remainder when 6940 is divided by 2303.
31
What is the remainder when 4036 is divided by 132?
76
Calculate the remainder when 25042 is divided by 2276.
6
What is the remainder when 1836 is divided by 545?
201
What is the remainder when 10403 is divided by 153?
152
Calculate the remainder when 13437 is divided by 562.
511
What is the remainder when 1635 is divided by 190?
115
Calculate the remainder when 1817 is divided by 799.
219
What is the remainder when 55307 is divided by 34?
23
Calculate the remainder when 143773 is divided by 81.
79
Calculate the remainder when 364655 is divided by 14.
11
What is the remainder when 43903 is divided by 28?
27
What is the remainder when 18470 is divided by 1025?
20
What is the remainder when 12223 is divided by 6110?
3
Calculate the remainder when 93464 is divided by 18686.
34
What is the remainder when 1320129 is divided by 783?
774
What is the remainder when 4523 is divided by 4182?
341
What is the remainder when 5059 is divided by 810?
199
What is the remainder when 242 is divided by 108?
26
Calculate the remainder when 1289 is divided by 602.
85
What is the remainder when 49574 is divided by 17?
2
Calculate the remainder when 3184 is divided by 462.
412
What is the remainder when 231960 is divided by 78?
66
What is the remainder when 44580 is divided by 636?
60
What is the remainder when 251915 is divided by 726?
719
Calculate the remainder when 200726 is divided by 35.
1
What is the remainder when 6599 is divided by 3296?
7
Calculate the remainder when 756894 is divided by 16.
14
What is the remainder when 17227 is divided by 358?
43
What is the remainder when 13622 is divided by 30?
2
Calculate the remainder when 4012 is divided by 331.
40
Calculate the remainder when 1277221 is divided by 20.
1
What is the remainder when 74547 is divided by 9?
0
What is the remainder when 22277 is divided by 801?
650
What is the remainder when 647428 is divided by 42?
40
What is the remainder when 5010 is divided by 2354?
302
What is the remainder when 677415 is divided by 68?
67
Calculate the remainder when 78807 is divided by 6567.
3
Calculate the remainder when 1035 is divided by 300.
135
What is the remainder when 3468 is divided by 386?
380
Calculate the remainder when 22646 is divided by 1726.
208
What is the remainder when 2692 is divided by 174?
82
What is the remainder when 627194 is divided by 561?
557
What is the remainder when 1635 is divided by 610?
415
What is the remainder when 2095 is divided by 296?
23
Calculate the remainder when 137939 is divided by 110.
109
Calculate the remainder when 743 is divided by 62.
61
Calculate the remainder when 17318 is divided by 2458.
112
Calculate the remainder when 252 is divided by 44.
32
What is the remainder when 19666 is divided by 855?
1
What is the remainder when 308795 is divided by 17?
7
What is the remainder when 11286 is divided by 3758?
12
Calculate the remainder when 826 is divided by 512.
314
Calculate the remainder when 5994 is divided by 543.
21
What is the remainder when 91163 is divided by 154?
149
Calculate the remainder when 379 is divided by 54.
1
Calculate the remainder when 18155 is divided by 122.
99
Calculate the remainder when 4280 is divided by 126.
122
Calculate the remainder when 4301 is divided by 21.
17
Calculate the remainder when 101801 is divided by 127.
74
Calculate the remainder when 12654757 is divided by 2613.
2611
What is the remainder when 163831 is divided by 121?
118
What is the remainder when 123538 is divided by 24707?
3
Calculate the remainder when 5738 is divided by 476.
26
What is the remainder when 8992 is divided by 4491?
10
Calculate the remainder when 5138 is divided by 1709.
11
What is the remainder when 53018 is divided by 541?
0
Calculate the remainder when 8066 is divided by 806.
6
What is the remainder when 65032 is divided by 18?
16
Calculate the remainder when 884531 is divided by 21.
11
What is the remainder when 123358 is divided by 14?
4
What is the remainder when 4280 is divided by 329?
3
What is the remainder when 355 is divided by 202?
153
Calculate the remainder when 540197 is divided by 79.
74
What is the remainder when 29607 is divided by 44?
39
Calculate the remainder when 15829 is divided by 7909.
11
What is the remainder when 1011 is divided by 339?
333
What is the remainder when 13407 is divided by 700?
107
Calculate the remainder when 76892 is divided by 5112.
212
Calculate the remainder when 100587 is divided by 33525.
12
What is the remainder when 483 is divided by 432?
51
Calculate the remainder when 2296028 is divided by 287002.
12
What is the remainder when 41886 is divided by 112?
110
Calculate the remainder when 4446 is divided by 341.
13
What is the remainder when 604 is divided by 591?
13
What is the remainder when 20881 is divided by 312?
289
What is the remainder when 11613 is divided by 647?
614
Calculate the remainder when 7730 is divided by 12.
2
What is the remainder when 3160 is divided by 316?
0
Calculate the remainder when 182327 is divided by 45581.
3
What is the remainder when 17534 is divided by 3504?
14
Calculate the remainder when 137012 is divided by 335.
332
What is the remainder when 28214 is divided by 29?
26
What is the remainder when 3745 is divided by 3720?
25
What is the remainder when 1434375 is divided by 47?
29
What is the remainder when 17963 is divided by 5570?
1253
What is the remainder when 203840 is divided by 114?
8
What is the remainder when 8706046 is divided by 156?
154
What is the remainder when 177290 is divided by 150?
140
What is the remainder when 133512 is divided by 314?
62
Calculate the remainder when 686 is divided by 226.
8
Calculate the remainder when 17343 is divided by 4217.
475
Calculate the remainder when 256045 is divided by 12802.
5
Calculate the remainder when 3338 is divided by 154.
104
Calculate the remainder when 70922 is divided by 815.
17
Calculate the remainder whe